der when 99 is divided by y.
27
Let k(w) = 352*w + 3671. Calculate the remainder when k(-9) is divided by 70.
13
Calculate the remainder when 92 is divided by -6*(-39)/6 - (-14 + 13).
12
Let q(b) = 165 - 480 - b - 44*b. What is the remainder when q(-9) is divided by 17?
5
Suppose 2273*y = 2344*y - 3337. What is the remainder when y is divided by 1/(-2) - (-25)/2?
11
Suppose -3*w = -4*i + 75, 32*i = 33*i + 5*w - 13. Suppose i*n + 1140 = 28*n. What is the remainder when n is divided by 58?
56
Let n(u) = u**3 - 10*u**2 + 56*u - 548. Calculate the remainder when 162 is divided by n(10).
6
Suppose -207*z + 193*z = -252. Calculate the remainder when z is divided by (-10)/4*120/(-50).
0
Let u = 14 + -14. Suppose u = r + w - 5, 1 + 1 = -2*w. Suppose 5 = d, -v + d - 75 = -r*v. What is the remainder when 52 is divided by v?
10
Let q(w) = 41*w + 2024. What is the remainder when q(-33) is divided by 45?
41
Let r be (-1)/3 - 10736/66. Let y = r + 193. Calculate the remainder when y is divided by 11.
8
Let f(w) = 2 + 1 + 1 - 3 - 19*w. Suppose c - 160 = -4*m - 2*c, 4*m = 2*c + 140. Calculate the remainder when m is divided by f(-1).
17
What is the remainder when ((-2)/4)/(2/(-188)) is divided by (-2 + 52)/(8/(-3)*582/(-776))?
22
Let l(o) = o**3 + 17*o**2 + 2*o - 1. Let q be l(-17). Let v = 283 + q. Calculate the remainder when v is divided by 15.
8
Let b be ((-507)/39)/(0 + -1). Suppose b*l + 91 = 20*l. Let k = 19 - -44. What is the remainder when k is divided by l?
11
Suppose -6*m - 1428 = 6*m. Let d = m + 136. Calculate the remainder when 2/d - (-70226)/442 is divided by 54.
51
Let v(w) = -w**3 - 7*w**2 - 6*w + 8. Let p be v(-6). Suppose -u + p + 8 = -3*z, u - 2*z - 18 = 0. Calculate the remainder when 83 is divided by u.
17
Suppose -s - 4*r - 152 = -3*s, 0 = -5*s - 3*r + 380. Let x(q) = q**3 - 4*q**2 - 6*q + 5. What is the remainder when s is divided by x(6)?
35
Let t(q) = q**2 + 3*q - 158. Let b be t(11). Let i(h) = 6 - 6 - 14*h + 9. Calculate the remainder when i(b) is divided by 17.
14
Let f(i) = -4*i + 1. Let w be f(-1). Suppose 26*h - 60 = 14*h. Suppose w*n = -2*p + 65, 3 = -h*p + n + 179. What is the remainder when p is divided by 21?
14
Let r(v) be the first derivative of -5*v**2/2 - 68*v - 47. What is the remainder when r(-19) is divided by 2?
1
Suppose -610*i + 4619 = -579*i. What is the remainder when 587 is divided by i?
140
Suppose 255*a - 257*a = 5*p - 17946, 2*a + 3582 = p. What is the remainder when 7184 is divided by p?
8
Calculate the remainder when -13 + 523 - (-4 - -15) is divided by 97.
14
Let x(d) be the third derivative of -d**5/60 - 17*d**4/24 + 13*d**3/6 + 41*d**2 + 1. What is the remainder when x(-14) is divided by 30?
25
Let y(s) = -4*s**3 - s + 2. Let o be y(-2). Suppose 0 = -0*j + 5*j + 3*j. Suppose -o*t + 33*t + 15 = j. What is the remainder when 27 is divided by t?
2
Let v(m) = m**2 + 8*m - 51. What is the remainder when 166 is divided by v(8)?
12
Suppose -3*f - 97*f + 47*f = -6307. Calculate the remainder when 4045 is divided by f.
118
Let i = -13228 + 16854. What is the remainder when i is divided by 31?
30
Suppose -40*l = -41*l - 4*j + 1547, -3 = -j. What is the remainder when l is divided by 48?
47
Suppose -10*n - 4604 = -17770 - 6794. What is the remainder when n is divided by 23?
18
Suppose -5*y - r - 1111 = 0, 2*y - 46 + 494 = -4*r. Calculate the remainder when 305 is divided by 7 - y/(-30) - (-92)/5.
17
Let w = -7809 - -8644. Calculate the remainder when w is divided by 405.
25
Suppose 3*x = 12, p + 3*x = -0*x + 62. Let z = 22 + p. Let s = 74 - z. Calculate the remainder when s is divided by 2.
0
Let m = 23 + -12. Suppose 2*k - 1012 = -853*a + 858*a, 0 = -3*a + 12. Calculate the remainder when k is divided by m.
10
Suppose -2*r = -q, 4*r - r - 5*q + 14 = 0. What is the remainder when (-63 + (-36088)/(-572))*1727 is divided by r?
1
Suppose -62115 = 27*i - 69297. What is the remainder when 11437 is divided by i?
265
Suppose -4*d + 60 = 2*n - 206, -2*d = -5*n - 127. Let u(z) = 7*z - 6 + 3*z - 4*z + 2*z. Calculate the remainder when d is divided by u(3).
12
Suppose 38*p - z - 2708 = 33*p, 0 = 2*p + z - 1079. What is the remainder when p is divided by 176?
13
Suppose 3*z + 5*v - 7 = -23, 5*z - 35 = 4*v. Suppose -2*k - 2*k = s - 214, z*k - s = 164. Calculate the remainder when 208 is divided by k.
46
Let x = 2 + 4. What is the remainder when 165 is divided by -3 + -5 + x/3 + 34?
25
Suppose -8091*f - 2772 = -8103*f. Calculate the remainder when f is divided by 73.
12
Suppose 30*s - 1034 - 1396 = 0. Suppose -s*b = -71*b - 140. What is the remainder when 40 is divided by b?
12
Let u = 2 + 5. Suppose p - u = z, -4*p + 5*z - 3*z + 28 = 0. Suppose 1584*w - 68 = 1580*w. What is the remainder when w is divided by p?
3
Let o = 1 + 8. Suppose r = 4*g + 10, g = -1 - 1. Calculate the remainder when (-2 + 28/21)/(r/(-42)) is divided by o.
5
Suppose 4*a + 71 = t, a - 4*a - 58 = 4*t. Let g = a - -35. Let w(z) = -2*z**3 - 27*z**2 + 11*z - 32. What is the remainder when g is divided by w(-14)?
7
Suppose 106460 = 47*q + 29*q - 247852. Calculate the remainder when q is divided by 64.
54
Let s = -3106 + 3239. What is the remainder when 527 is divided by s?
128
Suppose 3*i - 6*y = -3*y + 249, -201 = -3*i - 5*y. What is the remainder when 1228 is divided by i?
73
Let r(t) = 2*t + 15. Let w be r(-8). Calculate the remainder when 35 is divided by ((-4 - (-18)/3) + w)*9.
8
Suppose 0 = -s + 4*g + 6499, 5*s = -g - g + 32495. What is the remainder when s is divided by 25?
24
Let f(q) = 9*q**2 + 73*q + 3536. What is the remainder when f(-34) is divided by 20?
18
Let x = 334 - 323. Suppose 7*b - 148 = 9*b. Let n = b + 115. What is the remainder when n is divided by x?
8
Calculate the remainder when (-455)/(-10) + (-11)/(-77)*(-70)/(-4) is divided by (-3)/(-2) + (-11)/(-2).
6
Let s be 1851/(-15) - (-6)/(-10). Let l = -93 - s. Calculate the remainder when 244 is divided by l.
27
Suppose 0 = 38475*a - 38480*a + 2250. What is the remainder when a is divided by 219?
12
Calculate the remainder when 2730/11 + 2 - (-394)/(-2167) is divided by 88.
74
Suppose -5*g + 1231 = -3*d - 318, 0 = -3*g + 2*d + 930. Let t = 430 - g. What is the remainder when t is divided by 14?
10
Let j = 6140 - 6127. What is the remainder when 202 is divided by j?
7
Suppose -4190 = -5*o - c, o - 236*c + 232*c - 859 = 0. What is the remainder when o is divided by 27?
2
Let d = 101 + -170. What is the remainder when d*1*(84/(-12))/21 is divided by 18?
5
Let z = -2869 - -2877. What is the remainder when 15 is divided by z?
7
Let x = 278 + -188. Suppose -x = -7*u + 2*u. Let p = 179 + -109. Calculate the remainder when p is divided by u.
16
Let c be (-1 + -5)*(-17 - 372/(-24)). Suppose 7*y = 3*y + 216. Suppose -c*g - y = -162. Calculate the remainder when 34 is divided by g.
10
Let z(b) = -b**3 + 9*b**2 - 6*b - 5. Suppose s + 117 - 25 = 0. Let n = 105 + s. Calculate the remainder when z(7) is divided by n.
12
Let z = -20901 - -21328. What is the remainder when z is divided by 68?
19
Suppose -41 = -3*i - 17. Suppose 6*g - i*g - 2 = 0. Calculate the remainder when 21 is divided by ((-2)/g)/((-14)/(-63)).
3
Let h = 308 + -303. Suppose 3*i + h*w = 46, -i + 4*w + 5 = 1. What is the remainder when 138 is divided by i?
6
What is the remainder when 392 is divided by -4 + 138/39 + 15190/182?
60
Calculate the remainder when 246 is divided by ((-1566)/189)/((-6)/63).
72
Let n = -80 + 77. What is the remainder when n/12 - 3014/(-88) is divided by 12?
10
Suppose -4*y - 5578 = 77*o - 83*o, -y + 2777 = 3*o. Calculate the remainder when o is divided by 85.
77
What is the remainder when 680 is divided by 672/(-448)*(1045/(-12) + (-2)/8)?
25
Let l be 70 + -8 - (-1 + 1). Suppose -2*q = -46 - l. Calculate the remainder when q is divided by 22*(4/8)/1.
10
Let n = 31 - 5. Let c be -9*-4*(-1)/36*-3. Suppose 16 = -w - 5*x, -4*w + x + c*x + 56 = 0. What is the remainder when n is divided by w?
8
Suppose 0 = 4*b + 2*h + 26, 25 = -4*b - h - 4. What is the remainder when 167 is divided by 15/(-60) - 170/b?
20
Suppose 2*r + 24 + 18 = 0. Let z be (-3)/7 + (-177)/r. What is the remainder when 19 is divided by (-240)/z*-2*(-3)/(-15)?
7
Let s(k) = -24*k - 155. Suppose 14 - 8 = 2*v. What is the remainder when s(-7) is di